s - s - 10 = 0, -36 = -x + 2*s. Calculate the highest common divisor of 80 and x.
16
Let f = 36 - 3. Suppose -4*o - 3*a - 32 = 0, -3*a - 19 = 3*o + 2. Let g = f + o. What is the greatest common factor of 33 and g?
11
Let y(a) = -a**3 + 11*a**2 + a + 5. Let s be y(11). Calculate the highest common factor of 112 and s.
16
Let n(q) = q**3 + 2*q**2 - 2*q - 1. Let m be n(-2). Let t(i) = -i**2 + 5*i - 3. Let r be t(m). Let w = r + -1. Calculate the highest common factor of w and 16.
2
Let w(p) = -p**3 + 3*p**2 + p - 3. Let s be w(3). Suppose s = -q + 2 - 0. What is the greatest common factor of 4 and q?
2
Suppose -11 = -5*c + 9. Calculate the highest common divisor of 20 and c.
4
Suppose 3*z + 2*w - 59 - 9 = 0, 2*z - 4*w - 72 = 0. Calculate the highest common factor of 104 and z.
26
Let p(s) = -2*s - 5. Let t be p(-4). Let f(l) = l**3 - l**2 - 4*l + 3. Let n be f(t). Let b be 6/n - 100/(-3). Calculate the highest common divisor of 51 and b.
17
Suppose -13*i + 1666 = -1194. Calculate the greatest common divisor of i and 20.
20
Suppose -f - 4 = -0*f, 4*a + 2*f = 32. Calculate the highest common factor of 70 and a.
10
Let j be (-1 - (3 - 3)) + 3. Suppose -j*g + 7 = 1. What is the greatest common divisor of 9 and g?
3
Let j = -20 - -69. Suppose 66 + 49 = -5*k. Let i = -16 - k. Calculate the greatest common divisor of j and i.
7
Let t(a) = -a**2 - 4*a + 3. Let c be t(-4). Calculate the greatest common divisor of c and 9.
3
Let b be 2/(-10)*-5 + 23 + 1. Calculate the highest common divisor of b and 225.
25
Suppose 2*r - 409 = -133. Suppose 0 = 3*h - r + 48. Calculate the greatest common factor of h and 6.
6
Let h(x) = x**3 - 6*x**2 - 6*x + 6. Suppose 0*y + 14 = 2*y. Let d be h(y). Calculate the highest common factor of d and 104.
13
Suppose d + 1 = a - 0*a, -3*d = 3*a - 3. Suppose d = -2*x - 2*x + 3*u - 36, 0 = -2*x + 3*u - 12. Let f = 56 + x. What is the highest common factor of 11 and f?
11
Let s(a) = a**2 - a. Let x be s(3). Let k be -2*(4 - 69/6). Calculate the greatest common divisor of k and x.
3
Let c = -8 + 17. Let a = 14 - c. What is the highest common factor of a and 45?
5
Suppose 19 = 4*a + a + f, 0 = -3*a + 4*f + 16. Let q be (-4)/(-6) + 138/9. What is the highest common divisor of a and q?
4
Let p(s) = 24*s + 1. Suppose 8 + 4 = 3*q. Let y = 6 - q. Let c be p(y). What is the greatest common divisor of c and 7?
7
Let v(x) = -1 - 2 + 2*x - 3 + 4. Let q be v(4). Suppose 2*d - 16 = -5*c, -q*d = -d - 5*c - 40. Calculate the greatest common divisor of 12 and d.
4
Suppose 0*i - 7 = s - 4*i, -s + 2*i - 1 = 0. Suppose s*j - 25 = -4*m + 16, 4*j - 20 = 0. What is the greatest common factor of m and 6?
2
Let n(d) = 2*d + 2. Let y be n(3). Let u = 16 - y. Suppose 0*q = -3*w - 2*q + 40, 0 = -4*w - 4*q + 56. Calculate the highest common divisor of u and w.
4
Let g(z) = -2*z - 6. Let c be g(-6). Suppose 11*p - 145 - 581 = 0. What is the greatest common divisor of c and p?
6
Let f(c) = -c**2 - 16*c - 10. Let a be f(-15). Calculate the greatest common factor of a and 1.
1
Suppose -t + 3*h - 1 = 1, 2*h = -3*t + 16. Calculate the greatest common divisor of 28 and t.
4
Let l(j) = -20*j - 5. Let p(s) = 10*s + 2. Let i(b) = -2*l(b) - 5*p(b). Let h be i(-3). Calculate the highest common factor of 12 and h.
6
Let v(s) = -s**2 + 24. Let q be v(0). Calculate the highest common factor of 3 and q.
3
Suppose -3*t + 4*x + 756 = 0, -t = -3*x - 69 - 188. What is the highest common divisor of t and 8?
8
Let c = 21 - 13. Let w = 41 + 31. Calculate the highest common factor of w and c.
8
Let u(s) = -6 - 8*s + 2*s + 2*s. Let z be u(-4). Let o = 13 - z. Calculate the greatest common divisor of o and 24.
3
Let v(f) = f**2 - 3. Let z be v(4). Let g = z + -6. Calculate the greatest common factor of 7 and g.
7
Let p = -52 + 117. Suppose -4*o + 325 = -9*o. Let v = o + 91. Calculate the highest common factor of v and p.
13
Suppose b - 3*j = 2*j + 19, 4*j = 5*b - 53. What is the greatest common divisor of b and 72?
9
Suppose 0 = -v + 5*v. Let q be (20/3 - v)*3. Let k be -9*(0 + (-10)/3). Calculate the highest common divisor of k and q.
10
Suppose 2*z - 12 = -0*z. Suppose z*k - 315 = k. Suppose 4*o - 38 + 2 = 0. Calculate the greatest common factor of k and o.
9
Let w be (-4 + 22)*2/2. Calculate the greatest common factor of 12 and w.
6
Suppose -3*t = -0*z - z - 13, -5*t - 3*z = -45. What is the greatest common factor of 4 and t?
2
Let h be (-175)/(-63) + 4/18. Let x be 9*(3 + -2 + h). Calculate the highest common divisor of x and 4.
4
Let y = -13 - -28. Calculate the greatest common divisor of y and 3.
3
Let q = -18 + 33. Calculate the greatest common divisor of 105 and q.
15
Suppose 2*p + k + 3 = 0, -p = k + 7 - 3. Let q = 63 - 61. What is the greatest common divisor of q and p?
1
Suppose c + 20 - 100 = 0. What is the greatest common factor of c and 32?
16
Suppose -4*m - 2*o + 848 = 2*o, 0 = -3*m - 2*o + 634. What is the greatest common factor of m and 30?
30
Let d = 449 + -269. Let k be 1*(1 + 79) - 1. Suppose 0*v - 59 = -3*v + c, k = 4*v - c. Calculate the highest common factor of v and d.
20
Suppose -23 = -5*i - 2*z, -i + z + 7 = 2*z. Let a be ((-2)/i)/(1/(-75)). Calculate the highest common factor of a and 10.
10
Suppose -3*j = 42 - 156. Calculate the highest common factor of 19 and j.
19
Let h(a) be the third derivative of -a**5/60 + 5*a**4/24 - a**3/3 - 4*a**2. Let t be h(3). Let m = t - 2. Calculate the highest common factor of m and 10.
2
Let x(w) = -w**3 + 19. Let z be x(0). Suppose -3*h + 5 = -z. Let b = 73 - 57. Calculate the highest common factor of h and b.
8
Let w(z) = 4*z**2 + 3*z + 3. Let g be w(-2). Let t = 219 - -22. Suppose -4*i - 198 = -2*x, -t = -3*x - 2*i + 24. What is the greatest common factor of g and x?
13
Let j(m) = 2*m - 10. Let t be j(8). Suppose t*z - z = -260. Let l be 2/(-8) + z/(-16). What is the highest common divisor of l and 9?
3
Let s(x) = x**3 - 18*x**2 + 15*x + 42. Let t be s(17). What is the highest common factor of 4 and t?
4
Let k(f) = -f**3 + 5*f**2 - 3*f - 2. Suppose -4*x + 3*u = -1, 3*x - 37 + 10 = -3*u. Let o be k(x). What is the highest common divisor of 1 and o?
1
Suppose 3*y = 5*q + 45, -7*q = -2*y - 3*q + 32. Let f be 46/4 + 5/y. Calculate the greatest common factor of 84 and f.
12
Let y be (40/(-32))/(2/16). Let a(x) = x**2 + 10*x. Let h be a(y). Suppose 3*l - 320 = -2*z - 69, 4*z + 8 = h. Calculate the greatest common factor of 17 and l.
17
Let d be 8/(-28) + 5/(-7). Let j be (-7 + 2)/(1*d). Calculate the greatest common divisor of j and 10.
5
Suppose -9 = z - 51. What is the highest common divisor of 21 and z?
21
Let n be (-234)/195*20/(-2). What is the greatest common divisor of 6 and n?
6
Let g(a) = a**3 + 8*a**2 - 14. Let n be g(-7). What is the greatest common divisor of 385 and n?
35
Let q(r) = r + 1. Suppose 5*n - 16 = -6. Let s be q(n). Suppose -4 - 44 = -s*a. What is the greatest common divisor of 4 and a?
4
Suppose -3*j + 27 - 6 = 0. Calculate the greatest common divisor of 77 and j.
7
Suppose 7*p - 4*p + 4*a + 6 = 0, -3*p + 3 = a. What is the highest common factor of 22 and p?
2
Let w(k) = 25*k - 10. Let l be (-1)/((-1)/(10*-1)). Let c = -3 - l. Let s be w(c). What is the highest common factor of 15 and s?
15
Let d(m) = -m**3 + 8*m**2 + m - 2. Let j be d(8). Calculate the greatest common divisor of j and 2.
2
Let s = -17 - -22. Calculate the highest common factor of 5 and s.
5
Let r be 13/3 - (-2)/(-6). Suppose r*d = d + 90. What is the greatest common divisor of d and 210?
30
Suppose 0 = -3*s - s + 28. Let x = 13 - s. What is the greatest common factor of 6 and x?
6
Let o be -4*1/(-6)*3. Let v be 1 - (0/(-1) + 2). Let n be -1 - v - (-28)/2. What is the greatest common divisor of o and n?
2
Let y = -783 - -791. Let i be (-1 + 2 - -1) + -3. Let d be -1 - 1 - i - -17. Calculate the highest common divisor of y and d.
8
Let v = 122 - 77. Calculate the greatest common divisor of v and 5.
5
Let b be (-512)/(-20) + 2/5. What is the highest common factor of b and 13?
13
Suppose 4*o + 2*v = -3*v + 95, 3*o = 2*v + 100. Let x be -6*(-3)/(3/5). Suppose -r + x = r. What is the highest common divisor of r and o?
15
Suppose -32 = -3*x - x. Let n be 214/10 - x/20. Suppose -4*y + 56 = -0*y. Calculate the highest common factor of y and n